mposite number?
False
Is 40693 a prime number?
True
Is 40049 a composite number?
True
Is 5471 composite?
False
Is 109537 composite?
False
Is 115127 prime?
True
Is 509413 prime?
True
Is 45347 a composite number?
True
Is 18773 prime?
True
Is 21209 a composite number?
True
Is 525697 composite?
False
Is 61862 composite?
True
Is 5543 a composite number?
True
Is 1061 prime?
True
Is 4201 a prime number?
True
Is 3201251 a prime number?
True
Is 24317 prime?
True
Is 4005173 composite?
False
Is 541477 composite?
True
Is 119 prime?
False
Is 414571 prime?
True
Is 274103 a prime number?
True
Is 1160807 composite?
False
Is 53653 a prime number?
True
Is 200293 a prime number?
True
Is 468271 prime?
True
Is 9122 composite?
True
Is 331841 composite?
False
Is 326 prime?
False
Is 179 composite?
False
Is 629 a composite number?
True
Is 12401 prime?
True
Is 8254 composite?
True
Is 106 composite?
True
Is 527561 a composite number?
True
Is 207741 prime?
False
Is 86885 composite?
True
Is 60443 composite?
False
Is 1817 a prime number?
False
Is 107431 a composite number?
True
Is 345379 composite?
False
Is 7814 composite?
True
Is 12677 a prime number?
False
Is 3420227 composite?
False
Is 722537 a prime number?
True
Is 4583 a prime number?
True
Is 54283 composite?
True
Is 16921 a composite number?
False
Is 331127 prime?
True
Is 582431 composite?
True
Is 9395 a composite number?
True
Is 118709 a composite number?
False
Is 19291 composite?
True
Is 829 composite?
False
Is 111931 a composite number?
True
Is 231107 composite?
False
Is 46651 a composite number?
True
Is 129491 a composite number?
False
Is 29413 prime?
False
Is 2206729 a composite number?
True
Is 61441 prime?
True
Is 10031 composite?
True
Is 106889 a prime number?
False
Is 22603 a prime number?
False
Is 33257 a composite number?
True
Is 48023 prime?
True
Is 97127 composite?
False
Is 293757 prime?
False
Is 16486 prime?
False
Is 20477 prime?
True
Is 2881743 a prime number?
False
Is 17167 prime?
True
Is 8889 composite?
True
Is 5749 prime?
True
Is 2179 prime?
True
Is 116867 prime?
True
Is 58471 prime?
False
Is 50458 prime?
False
Is 319051 composite?
True
Is 3788933 a composite number?
True
Is 151109 prime?
False
Is 45161 a composite number?
False
Is 103217 a composite number?
False
Is 1103 a composite number?
False
Is 7039 prime?
True
Is 147739 prime?
True
Is 25973 a composite number?
True
Is 4493 a composite number?
False
Is 63977 composite?
False
Is 192529 prime?
True
Is 11691235 composite?
True
Is 65137 prime?
False
Is 3557 a prime number?
True
Is 12147 prime?
False
Is 33961 a composite number?
False
Is 255653 composite?
False
Is 61591 a prime number?
False
Is 26083 a composite number?
False
Is 835409 a prime number?
False
Is 15119 a prime number?
False
Is 6753 composite?
True
Is 1071971 composite?
True
Is 18119 a composite number?
False
Is 225107 a composite number?
True
Is 35617 a composite number?
False
Is 537527 a prime number?
True
Is 1332253 composite?
True
Is 11579 prime?
True
Is 230189 prime?
True
Is 26627 composite?
False
Is 53329 a prime number?
False
Is 59951 composite?
False
Is 63839 a composite number?
False
Is 17011 a prime number?
True
Is 127447 prime?
True
Is 5261 a prime number?
True
Is 5438059 prime?
False
Is 1163029 a prime number?
False
Is 338629 composite?
True
Is 15943 composite?
True
Is 99859 composite?
False
Is 14647 a prime number?
False
Is 1361 composite?
False
Is 453949 prime?
True
Is 53141 a prime number?
False
Is 96137 composite?
False
Is 6491 composite?
False
Is 14759 a composite number?
False
Is 166541 a prime number?
True
Is 1458487 composite?
False
Is 40457 composite?
True
Is 644783 a composite number?
False
Is 100043 prime?
True
Is 8523319 a composite number?
True
Is 71933 a composite number?
False
Is 1799831 composite?
True
Is 546043 a composite number?
True
Is 17129 a prime number?
False
Is 5833 a prime number?
False
Is 73166 a composite number?
True
Is 441743 prime?
False
Is 56321 prime?
False
Is 2977651 prime?
True
Is 27923 a composite number?
True
Is 1761878 composite?
True
Is 25391 a prime number?
True
Is 37803 prime?
False
Is 7123 a composite number?
True
Is 85793 prime?
True
Is 545 composite?
True
Is 2453 composite?
True
Is 1639 prime?
False
Is 46807 composite?
False
Is 13267 a prime number?
True
Is 162802 prime?
False
Is 7934 prime?
False
Is 1062505 a prime number?
False
Is 3683 a composite number?
True
Is 19105 a composite number?
True
Is 20647 a prime number?
False
Is 438891 prime?
False
Is 84853 a prime number?
False
Is 48793 composite?
True
Is 190439 a composite number?
True
Is 1067 a composite number?
True
Is 2271 a prime number?
False
Is 4368329 a composite number?
True
Is 2947691 prime?
True
Is 90583 a prime number?
True
Is 7415 a prime number?
False
Is 65867 composite?
False
Is 983 composite?
False
Is 349957 a prime number?
False
Is 107769 composite?
True
Is 1941 prime?
False
Is 317483 composite?
False
Is 266701 composite?
False
Is 140297 prime?
True
Is 44017 composite?
False
Is 26905 a prime number?
False
Is 1685 prime?
False
Is 487637 composite?
False
Is 247037 a prime number?
False
Is 144617 prime?
False
Is 39379 a prime number?
False
Is 40063 a composite number?
False
Is 394 prime?
False
Is 1331119 prime?
True
Is 59539 composite?
False
Is 209057 a composite number?
True
Is 997541 prime?
True
Is 10529 prime?
True
Is 94 prime?
False
Is 4861 composite?
False
Is 6959 a prime number?
True
Is 5071 a prime number?
False
Is 8903 composite?
True
Is 44953 a composite number?
False
Is 413249 composite?
True
Is 3098 prime?
False
Is 346349 composite?
False
Is 1285133 prime?
False
Is 1229 a prime number?
True
Is 763547 a composite number?
True
Is 35569 a prime number?
True
Is 33301 a composite number?
False
Is 1436363 a composite number?
False
Is 25873 a prime number?
True
Is 57539 prime?
False
Is 462949 a prime number?
False
Is 25561 a prime number?
True
Is 435791 prime?
False
Is 17042 composite?
True
Is 174799 prime?
True
Is 4567 prime?
True
Is 92893 a prime number?
True
Is 1071781 a composite number?
True
Is 6701 a composite number?
False
Is 7451 composite?
False
Is 14501 prime?
False
Is 210709 a composite number?
False
Is 581 composite?
True
Is 394414 a prime number?
False
Is 424805 prime?
False
Is 33127 prime?
False
Is 21103 a composite number?
True
Is 16619 composite?
False
Is 486023 a composite number?
False
Is 183437 prime?
True
Is 375631 composite?
False
Is 104087 a prime number?
True
Is 26339 a composite number?
False
Is 185359 a prime number?
True
Is 53953 a prime number?
False
Is 205703 prime?
True
Is 111337 composite?
False
Is 16963 composite?
False
Is 41077 a prime number?
True
Is 24671 prime?
True
Is 2575731 composite?
True
Is 11735 composite?
True
Is 62591 a composite number?
False
Is 125551 composite?
False
Is 114293 a prime number?
False
Is 56773 composite?
False
Is 421783 a composite number?
False
Is 31439 composite?
True
Is 107461 composite?
True
Is 63559 a composite number?
False
Is 183191 a composite number?
False
Is 18881 a composite number?
True
Is 88763 composite?
True
Is 8453 a composite number?
True
Is 137239 a composite number?
False
Is 532307 prime?
True
Is 340121 composite?
False
Is 498991 prime?
False
Is 44171 composite?
False
Is 223495 a composite number?
True
Is 9601 a composite number?
False
Is 446647 a prime number?
True
Is 285409 a prime number?
False
Is 20129 a composite number?
False
Is 21787 prime?
True
Is 31121 prime?
True
Is 47221 composite?
False
Is 21139 a composite number?
False
Is 151769 a composite number?
False
Is 203207 a prime number?
True
Is 29119 a composite number?
True
Is 166541 a composite number?
False
Is 5591 composite?
False
Is 12347 prime?
True
Is 25339 a composite number?
False
Is 1405561 prime?
True
Is 389789 composite?
True
Is 351359 a composite number?
False
Is 15253 a prime number?
False
Is 3898 prime?
False
Is 107843 composite?
False
Is 82261 composite?
False
Is 7571 composite?
True
Is 1306963 a prime number?
False
Is 105809 a prime number?
False
Is 1422921 composite?
True
Is 2929 a composite number?
True
Is 44351 a prime number?
True
Is 320227 a composite number?
True
Is 3183473 a composite number?
True
Is 82477 a prime number?
False
Is 962233 prime?
True
Is 9509 a prime number?
False
Is 11359 composite?
T